{"id":138,"date":"2015-10-03T20:47:33","date_gmt":"2015-10-03T18:47:33","guid":{"rendered":"http:\/\/www.melanie-melcher.de\/?page_id=138"},"modified":"2015-10-13T13:06:08","modified_gmt":"2015-10-13T11:06:08","slug":"ueber-mich","status":"publish","type":"page","link":"https:\/\/www.melanie-melcher.de\/index.php\/ueber-mich\/","title":{"rendered":"\u00dcber mich"},"content":{"rendered":"<p>Vor mehr als 7 Jahren habe ich meine Leidenschaft zu meinem Beruf gemacht. Seitdem habe ich unz\u00e4hlige Menschen mit meiner Kamera begleitet. Ich habe etliche Male das kleine W\u00f6rtchen JA geh\u00f6rt, habe Tr\u00e4nen der Vorfreude getrocknet und H\u00e4ndchen gehalten, kurz bevor es losging. Ich habe werdende Mamas ins rechte Licht ger\u00fcckt und frisch gebackene Papas beobachtet, wie sie liebevoll ihren Neuzugang im Arm hielten. Ich habe viele Kunden, die ich \u00fcber all die Jahre immer wieder begleite. Es ist einfach grossartig zu sehen wie aus einem verliebten Paar eine Familie entsteht oder wie aus einem Newborn ein Schulkind wird.<\/p>\n<div><a href=\"http:\/\/www.melanie-melcher.de\/wp-content\/uploads\/2015\/10\/About.jpg\"><img loading=\"lazy\" decoding=\"async\" class=\"alignnone size-full wp-image-393\" src=\"http:\/\/www.melanie-melcher.de\/wp-content\/uploads\/2015\/10\/About.jpg\" alt=\"About\" width=\"1170\" height=\"500\" srcset=\"https:\/\/www.melanie-melcher.de\/wp-content\/uploads\/2015\/10\/About.jpg 1170w, https:\/\/www.melanie-melcher.de\/wp-content\/uploads\/2015\/10\/About-300x128.jpg 300w, https:\/\/www.melanie-melcher.de\/wp-content\/uploads\/2015\/10\/About-1024x438.jpg 1024w\" sizes=\"auto, (max-width: 1170px) 100vw, 1170px\" \/><\/a><\/div>\n<div><\/div>\n<div>F\u00fcr mich steht der pers\u00f6nliche Kontakt zu meinen Kunden und deren W\u00fcnschen immer im Vordergrund.<\/div>\n<div>Mein Ziel ist es, euch die Angst vor der Kamera zu nehmen und eine Wohlf\u00fchlatmosp\u00e4hre zu schaffen. Mit meinen Bildern m\u00f6chte ich euch bewegen. Sie sollen euch ein L\u00e4cheln ins Gesicht und Erinnerungen in den Kopf zaubern.<\/div>\n<div><\/div>\n<div>Ich freue mich auf euch!<\/div>\n","protected":false},"excerpt":{"rendered":"<p>Vor mehr als 7 Jahren habe ich meine Leidenschaft zu meinem Beruf gemacht. Seitdem habe ich unz\u00e4hlige Menschen mit meiner Kamera begleitet. Ich habe etliche Male das kleine W\u00f6rtchen JA geh\u00f6rt, habe Tr\u00e4nen der Vorfreude getrocknet und H\u00e4ndchen gehalten, kurz bevor es losging. Ich habe werdende Mamas ins rechte Licht ger\u00fcckt und frisch gebackene Papas [&hellip;]<\/p>\n","protected":false},"author":1,"featured_media":0,"parent":0,"menu_order":0,"comment_status":"closed","ping_status":"closed","template":"page-full-width.php","meta":{"footnotes":""},"class_list":["post-138","page","type-page","status-publish","hentry"],"_links":{"self":[{"href":"https:\/\/www.melanie-melcher.de\/index.php\/wp-json\/wp\/v2\/pages\/138","targetHints":{"allow":["GET"]}}],"collection":[{"href":"https:\/\/www.melanie-melcher.de\/index.php\/wp-json\/wp\/v2\/pages"}],"about":[{"href":"https:\/\/www.melanie-melcher.de\/index.php\/wp-json\/wp\/v2\/types\/page"}],"author":[{"embeddable":true,"href":"https:\/\/www.melanie-melcher.de\/index.php\/wp-json\/wp\/v2\/users\/1"}],"replies":[{"embeddable":true,"href":"https:\/\/www.melanie-melcher.de\/index.php\/wp-json\/wp\/v2\/comments?post=138"}],"version-history":[{"count":4,"href":"https:\/\/www.melanie-melcher.de\/index.php\/wp-json\/wp\/v2\/pages\/138\/revisions"}],"predecessor-version":[{"id":652,"href":"https:\/\/www.melanie-melcher.de\/index.php\/wp-json\/wp\/v2\/pages\/138\/revisions\/652"}],"wp:attachment":[{"href":"https:\/\/www.melanie-melcher.de\/index.php\/wp-json\/wp\/v2\/media?parent=138"}],"curies":[{"name":"wp","href":"https:\/\/api.w.org\/{rel}","templated":true}]}}

Über mich

<p>Vor mehr als 7 Jahren habe ich meine Leidenschaft zu meinem Beruf gemacht. Seitdem habe ich unzählige Menschen mit meiner Kamera begleitet. Ich habe etliche Male das kleine Wörtchen JA gehört, habe Tränen der Vorfreude getrocknet und Händchen gehalten, kurz bevor es losging. Ich habe werdende Mamas ins rechte Licht gerückt und frisch gebackene Papas beobachtet, wie sie liebevoll ihren Neuzugang im Arm hielten. Ich habe viele Kunden, die ich über all die Jahre immer wieder begleite. Es ist einfach grossartig zu sehen wie aus einem verliebten Paar eine Familie entsteht oder wie aus einem Newborn ein Schulkind wird.</p>
<div><a href="http://www.melanie-melcher.de/wp-content/uploads/2015/10/About.jpg"><img loading="lazy" decoding="async" class="alignnone size-full wp-image-393" src="http://www.melanie-melcher.de/wp-content/uploads/2015/10/About.jpg" alt="About" width="1170" height="500" srcset="https://www.melanie-melcher.de/wp-content/uploads/2015/10/About.jpg 1170w, https://www.melanie-melcher.de/wp-content/uploads/2015/10/About-300x128.jpg 300w, https://www.melanie-melcher.de/wp-content/uploads/2015/10/About-1024x438.jpg 1024w" sizes="auto, (max-width: 1170px) 100vw, 1170px" /></a></div>
<div></div>
<div>Für mich steht der persönliche Kontakt zu meinen Kunden und deren Wünschen immer im Vordergrund.</div>
<div>Mein Ziel ist es, euch die Angst vor der Kamera zu nehmen und eine Wohlfühlatmospähre zu schaffen. Mit meinen Bildern möchte ich euch bewegen. Sie sollen euch ein Lächeln ins Gesicht und Erinnerungen in den Kopf zaubern.</div>
<div></div>
<div>Ich freue mich auf euch!</div>

<p>Vor mehr als 7 Jahren habe ich meine Leidenschaft zu meinem Beruf gemacht. Seitdem habe ich unzählige Menschen mit meiner Kamera begleitet. Ich habe etliche Male das kleine Wörtchen JA gehört, habe Tränen der Vorfreude getrocknet und Händchen gehalten, kurz bevor es losging. Ich habe werdende Mamas ins rechte Licht gerückt und frisch gebackene Papas [&hellip;]</p>
